?
False
Is 157 a factor of 3298?
False
Does 24 divide 33425?
False
Is 17169 a multiple of 25?
False
Does 38 divide 646?
True
Does 45 divide 80595?
True
Does 22 divide 3181?
False
Is 771 a multiple of 16?
False
Does 14 divide 4792?
False
Does 9 divide 14895?
True
Is 18 a factor of 2088?
True
Does 28 divide 3770?
False
Is 1092 a multiple of 52?
True
Does 9 divide 38439?
True
Is 4338 a multiple of 9?
True
Does 20 divide 94?
False
Does 16 divide 3888?
True
Is 57 a multiple of 19?
True
Does 2 divide 7?
False
Is 1023 a multiple of 33?
True
Is 8575 a multiple of 5?
True
Is 22 a factor of 2740?
False
Is 81861 a multiple of 15?
False
Is 407 a multiple of 23?
False
Is 41 a factor of 4907?
False
Does 11 divide 6826?
False
Does 52 divide 5892?
False
Is 31 a factor of 2751?
False
Is 22 a factor of 75262?
True
Is 8302 a multiple of 36?
False
Is 86 a factor of 2204?
False
Is 269 a multiple of 19?
False
Is 49 a factor of 6798?
False
Does 21 divide 9639?
True
Is 42 a factor of 2310?
True
Is 17536 a multiple of 32?
True
Is 12 a factor of 3277?
False
Is 13 a factor of 9847?
False
Is 10 a factor of 76?
False
Is 5350 a multiple of 10?
True
Does 7 divide 18711?
True
Is 30668 a multiple of 164?
True
Is 7 a factor of 103?
False
Is 709 a multiple of 19?
False
Is 12111 a multiple of 143?
False
Is 215 a multiple of 13?
False
Is 28 a factor of 4788?
True
Does 6 divide 7716?
True
Is 1710 even?
True
Does 29 divide 16849?
True
Is 13 a factor of 26?
True
Is 12 a factor of 320?
False
Is 32 a factor of 2259?
False
Is 3872 a multiple of 11?
True
Is 748 a multiple of 68?
True
Is 67 a factor of 247?
False
Does 48 divide 27584?
False
Is 1816 a multiple of 8?
True
Does 75 divide 300?
True
Does 8 divide 23131?
False
Is 176 a multiple of 11?
True
Is 872 a multiple of 8?
True
Is 42 a multiple of 5?
False
Is 16 a factor of 1716?
False
Is 117 a factor of 31977?
False
Is 20049 a multiple of 41?
True
Does 16 divide 16?
True
Is 42528 a multiple of 96?
True
Is 19 a factor of 6631?
True
Is 13 a factor of 5330?
True
Is 36 a factor of 648?
True
Is 464 a multiple of 116?
True
Is 17 a factor of 399?
False
Is 40 a factor of 5940?
False
Does 24 divide 1616?
False
Does 7 divide 357?
True
Is 21 a factor of 646?
False
Does 8 divide 4824?
True
Is 39 a factor of 99846?
False
Is 7 a factor of 60?
False
Does 18 divide 115844?
False
Is 26 a factor of 3770?
True
Is 12 a factor of 183?
False
Does 3 divide 1914?
True
Is 31 a factor of 2446?
False
Does 65 divide 2195?
False
Does 5 divide 95?
True
Does 23 divide 575?
True
Is 51575 a multiple of 8?
False
Is 505 a multiple of 14?
False
Is 24 a factor of 3360?
True
Does 111 divide 8473?
False
Does 34 divide 19006?
True
Is 11 a factor of 842?
False
Does 20 divide 680?
True
Is 2718 a multiple of 18?
True
Is 1025 a multiple of 41?
True
Does 144 divide 2016?
True
Does 33 divide 18579?
True
Is 97 a factor of 15423?
True
Is 50 a multiple of 7?
False
Is 8 a factor of 2281?
False
Is 321 a multiple of 102?
False
Is 22 a factor of 21350?
False
Is 24 a factor of 62016?
True
Is 74 a factor of 888?
True
Is 14 a factor of 48?
False
Is 437 a multiple of 45?
False
Is 84 a factor of 2297?
False
Is 17 a factor of 782?
True
Is 9656 a multiple of 131?
False
Is 15 a factor of 2776?
False
Is 7548 a multiple of 7?
False
Does 25 divide 755?
False
Does 26 divide 58?
False
Is 1096 a multiple of 53?
False
Is 3078 a multiple of 16?
False
Does 21 divide 147?
True
Is 14 a factor of 4494?
True
Is 2 a factor of 33?
False
Is 39694 a multiple of 20?
False
Is 1680 a multiple of 80?
True
Is 15 a factor of 582?
False
Does 7 divide 804?
False
Is 1678 a multiple of 59?
False
Is 18 a factor of 882?
True
Does 111 divide 25863?
True
Is 12446 a multiple of 33?
False
Does 31 divide 4371?
True
Is 91 a factor of 4186?
True
Is 39 a factor of 25019?
False
Is 31428 a multiple of 81?
True
Does 37 divide 4175?
False
Does 16 divide 53667?
False
Does 18 divide 50040?
True
Does 21 divide 735?
True
Does 24 divide 797?
False
Does 24 divide 408?
True
Is 25 a factor of 1707?
False
Is 29 a factor of 638?
True
Does 17 divide 16082?
True
Does 83 divide 581?
True
Is 9583 a multiple of 11?
False
Does 6 divide 450?
True
Is 11 a factor of 68541?
True
Is 5 a factor of 700?
True
Is 2700 a multiple of 18?
True
Is 19 a factor of 3515?
True
Does 44 divide 35684?
True
Does 29 divide 667?
True
Is 19080 a multiple of 106?
True
Is 29325 a multiple of 15?
True
Does 82 divide 5495?
False
Is 27 a factor of 1971?
True
Does 20 divide 5164?
False
Is 7 a factor of 335?
False
Is 46 even?
True
Does 14 divide 425?
False
Is 2 a factor of 90?
True
Is 1440 a multiple of 12?
True
Does 20 divide 12443?
False
Does 16 divide 2129?
False
Does 39 divide 350?
False
Is 1268 a multiple of 25?
False
Does 25 divide 1365?
False
Is 101502 a multiple of 137?
False
Is 54 a factor of 46790?
False
Is 13 a factor of 897?
True
Is 4 a factor of 6?
False
Is 17646 a multiple of 6?
True
Does 34 divide 24401?
False
Does 45 divide 1035?
True
Is 124 a factor of 6086?
False
Is 27 a factor of 1844?
False
Is 35 a factor of 550?
False
Is 56 a factor of 892?
False
Is 7326 a multiple of 107?
False
Does 7 divide 69974?
False
Is 28 a factor of 9632?
True
Does 108 divide 37113?
False
Is 87309 a multiple of 10?
False
Is 5 a factor of 1634?
False
Is 367 a multiple of 14?
False
Does 6 divide 23861?
False
Does 39 divide 507?
True
Is 335 a factor of 85760?
True
Is 21168 a multiple of 72?
True
Does 50 divide 4050?
True
Is 4 a factor of 15520?
True
Is 41267 a multiple of 46?
False
Does 5 divide 2785?
True
Does 15 divide 7005?
True
Is 6962 a multiple of 18?
False
Is 1155 a multiple of 33?
True
Is 1494 a multiple of 9?
True
Does 6 divide 2497?
False
Does 105 divide 8329?
False
Does 9 divide 717?
False
Does 31 divide 35632?
False
Is 6 a factor of 1254?
True
Is 2332 a multiple of 9?
False
Is 60 a multiple of 3?
True
Is 41 a factor of 29110?
True
Is 31 a factor of 12908?
False
Is 928 a multiple of 68?
False
Is 40716 a multiple of 54?
True
Is 1932 a multiple of 17?
False
Is 39410 a multiple of 41?
False
Does 68 divide 6427?
False
Is 2 a factor of 10?
True
Is 687 a multiple of 3?
True
Is 4 a factor of 24?
True
Is 5662 a multiple of 2?
True
Is 136 a multiple of 4?
True
Does 9 divide 97?
False
Is 1248 a multiple of 24?
True
Is 1340 a multiple of 115?
False
Is 721 a multiple of 43?
False
Is 15512 a multiple of 14?
True
Does 17 divide 5305?
False
Is 22 a factor of 1146?
False
Is 14619 a multiple of 11?
True
Is 424 a multiple of 26?
False
Does 23 divide 1362?
False
Is 540 a multiple of 27?
True
Is 374 a multiple of 17?
True
Is 7911 a multiple of 55?
False
Does 4 divide 1495?
False
Does 23 divide 83744?
False
Is 9842 a multiple of 74?
True
Does 2 divide 2649?
False
Is 54 a factor of 27595?
False
Is 37 a factor of 17633?
False
Is 16110 a multiple of 29?
False
Is 70 a multiple of 10?
True
Does 67 divide 2144?
True
Is 13095 a multiple of 27?
True
Is 44 a factor of 604?
False
Does 198 divide 17820?
True
Is 11671 a multiple of 22?
False
Is 692 a multiple of 6?
False
Is 9 a factor of 47567?
False
Is 4 a factor of 242?
False
Is 65 a factor of 7497?
False
Is 10 a factor of 1510?
True
Does 15 divide 60?
True
Is 9 a factor of 11931?
False
Is 444 a multiple of 91?
False
Is 67 a multiple of 2?
False
Does 17 divide 17?
True
Is 9 a factor of 1436?
False
Is 64607 a multiple of 53?
True
Is 1144 a multiple of 44?
True
Does 30 divide 2130?
True
Is 114 a multiple of 10?
False
Does 9 divide 387?
True
Is 208 a multiple of 26?
True
Is 60 a factor of 743?
False
Does 6 divide 12?
True
Does 3 divide 1611?
True
Does 423 divide 95140?
False
Is 21540 a multiple of 30?
True
Is 14 a factor of 1624?
True
Is 520 a multiple of 130?
True
Is 44 a factor of 15475?
False
Is 61 a factor of 15735?
False
Does 3 divide 153?
True
Does 27 divide 1857?
False
Is 10428 a multiple of 89?
False
Does 122 divide 4819?
False
Is 6 a factor of 512?
False
Is 68 a factor of 952?
True
Is 4728 a multiple of 6?
True
Is 76980 a multiple of 12?
True
Is 26 a factor of 7748?
True
Does 64 divide 55853?
False
Is 1907 a multiple of 21?
False
Is 984 a multiple of 6?
True
Does 16 divide 1648?
True
Is 759 a multiple of 54?
False
Is 62 a factor of 976?
False
Is 6 a factor of 384?
True
Does 32 divide 362?
False
Is 74316 a multiple of 35?
False
Is 68315 a multiple of